{"id":374,"date":"2023-12-17T15:25:07","date_gmt":"2023-12-17T14:25:07","guid":{"rendered":"https:\/\/petsi29.com\/?page_id=374"},"modified":"2024-01-07T12:43:39","modified_gmt":"2024-01-07T11:43:39","slug":"education-et-balade-educative","status":"publish","type":"page","link":"https:\/\/petsi29.com\/?page_id=374","title":{"rendered":"\u00c9ducation et Balade \u00c9ducative"},"content":{"rendered":"\n<h2 class=\"wp-block-heading has-text-align-center has-text-color\" style=\"color:#a49dc9\">\u00c9ducation et Balade \u00c9ducative<\/h2>\n\n\n\n<div class=\"wp-block-media-text is-stacked-on-mobile is-vertically-aligned-center is-image-fill has-nv-site-bg-color has-text-color has-background\" style=\"background-color:#a49dc9;grid-template-columns:40% auto\"><figure class=\"wp-block-media-text__media\" style=\"background-image:url(http:\/\/petsi29.com\/wp-content\/uploads\/2024\/01\/01.jpg);background-position:50% 50%\"><img decoding=\"async\" loading=\"lazy\" width=\"787\" height=\"813\" src=\"http:\/\/petsi29.com\/wp-content\/uploads\/2024\/01\/01.jpg\" alt=\"\" class=\"wp-image-395 size-full\" srcset=\"https:\/\/petsi29.com\/wp-content\/uploads\/2024\/01\/01.jpg 787w, https:\/\/petsi29.com\/wp-content\/uploads\/2024\/01\/01-290x300.jpg 290w, https:\/\/petsi29.com\/wp-content\/uploads\/2024\/01\/01-768x793.jpg 768w\" sizes=\"(max-width: 787px) 100vw, 787px\" \/><\/figure><div class=\"wp-block-media-text__content\">\n<p style=\"font-size:30px\"><\/p>\n\n\n\n<p>Vous souhaitez apprendre \u00e0 votre chien \u00e0 mieux comprendre ce qui est attendu \u00e0 vos c\u00f4t\u00e9s tout en exprimant sa nature canine\u2026Quoi de mieux que les balades \u00e9ducatives ?!<br>Ce sont des moments privil\u00e9gi\u00e9s pour votre chien et vous : des moments de plaisir, de jeu, de partage et d\u2019apprentissage, tant pour vous que pour votre chien. Votre relation s\u2019en retrouvera renforc\u00e9e !<br>Les s\u00e9ances peuvent \u00eatre individuelles ou collectives.Elles sont adapt\u00e9es \u00e0 l\u2019\u00e2ge de votre chien, son temp\u00e9rament, ses difficult\u00e9s mais aussi \u00e0 vos objectifs personnels.<\/p>\n<\/div><\/div>\n\n\n\n<div style=\"height:14px\" aria-hidden=\"true\" class=\"wp-block-spacer\"><\/div>\n\n\n\n<div class=\"wp-block-media-text has-media-on-the-right is-stacked-on-mobile is-vertically-aligned-center is-image-fill has-nv-site-bg-background-color has-text-color has-background\" style=\"color:#a49dc9;grid-template-columns:auto 40%\"><div class=\"wp-block-media-text__content\">\n<p><strong>En individuel,<\/strong> la s\u00e9ance s\u2019organise soit \u00e0 votre domicile soit en ext\u00e9rieur (bord de mer, en pleine nature ou villes). Au-del\u00e0 des ordres de base (assis, coucher, pas bouger, ta place, reste, marche en laisse, au pied, refus d\u2019app\u00e2t), vous apprendrez \u00e0 comprendre votre chien et \u00e0 vous faire comprendre.<\/p>\n\n\n\n<p><strong>Les balades collectives<\/strong>, le plus possible en libert\u00e9, sont le moment id\u00e9al pour votre chien pour interagir avec ses cong\u00e9n\u00e8res et donc se sociabiliser.<\/p>\n\n\n\n<p>C\u2019est aussi pour vous un moment propice pour \u00e9changer avec d\u2019autres passionn\u00e9s, et parfois simplement profiter de cet instant en plein air pour voir votre chien heureux !<\/p>\n\n\n\n<div class=\"wp-block-buttons is-layout-flex\"><\/div>\n<\/div><figure class=\"wp-block-media-text__media\" style=\"background-image:url(http:\/\/petsi29.com\/wp-content\/uploads\/2024\/01\/02.jpg);background-position:50% 50%\"><img decoding=\"async\" loading=\"lazy\" width=\"787\" height=\"813\" src=\"http:\/\/petsi29.com\/wp-content\/uploads\/2024\/01\/02.jpg\" alt=\"\" class=\"wp-image-409 size-full\" srcset=\"https:\/\/petsi29.com\/wp-content\/uploads\/2024\/01\/02.jpg 787w, https:\/\/petsi29.com\/wp-content\/uploads\/2024\/01\/02-290x300.jpg 290w, https:\/\/petsi29.com\/wp-content\/uploads\/2024\/01\/02-768x793.jpg 768w\" sizes=\"(max-width: 787px) 100vw, 787px\" \/><\/figure><\/div>\n\n\n\n<div style=\"height:14px\" aria-hidden=\"true\" class=\"wp-block-spacer\"><\/div>\n\n\n\n<div class=\"wp-block-media-text is-stacked-on-mobile is-vertically-aligned-center is-image-fill has-nv-site-bg-color has-text-color has-background\" style=\"background-color:#a49dc9;grid-template-columns:40% auto\"><figure class=\"wp-block-media-text__media\" style=\"background-image:url(http:\/\/petsi29.com\/wp-content\/uploads\/2024\/01\/03.jpg);background-position:50% 50%\"><img decoding=\"async\" loading=\"lazy\" width=\"787\" height=\"813\" src=\"http:\/\/petsi29.com\/wp-content\/uploads\/2024\/01\/03.jpg\" alt=\"\" class=\"wp-image-414 size-full\" srcset=\"https:\/\/petsi29.com\/wp-content\/uploads\/2024\/01\/03.jpg 787w, https:\/\/petsi29.com\/wp-content\/uploads\/2024\/01\/03-290x300.jpg 290w, https:\/\/petsi29.com\/wp-content\/uploads\/2024\/01\/03-768x793.jpg 768w\" sizes=\"(max-width: 787px) 100vw, 787px\" \/><\/figure><div class=\"wp-block-media-text__content\">\n<p style=\"font-size:30px\"><\/p>\n\n\n\n<p>Une premi\u00e8re rencontre individuelle sera organis\u00e9e avant une inscription en balade collective afin d\u2019\u00e9valuer le comportement de votre chien, pour s\u00e9curiser celui-ci et les autres chiens de la balade.<\/p>\n\n\n\n<p><em>Balade individuelle de 1h &#8211; \u00e0 partir de 5-6 mois<\/em><br><em>Balade collective de 1h \u00e0 1h30 &#8211; \u00e0 partir de 5-6 mois<\/em><br><em>Nombre maximum de chiens : 4<\/em><br><em>Dates et lieux communiqu\u00e9s sur pages <a href=\"https:\/\/www.facebook.com\/profile.php?id=61552659654792\" data-type=\"URL\" data-id=\"https:\/\/www.facebook.com\/profile.php?id=61552659654792\" target=\"_blank\" rel=\"noreferrer noopener\">Facebook<\/a> et <a href=\"https:\/\/www.instagram.com\/petsi_29?utm_source=ig_web_button_share_sheet&amp;igsh=ZDNlZDc0MzIxNw==\" data-type=\"URL\" data-id=\"https:\/\/www.instagram.com\/petsi_29?utm_source=ig_web_button_share_sheet&amp;igsh=ZDNlZDc0MzIxNw==\" target=\"_blank\" rel=\"noreferrer noopener\">Instagram<\/a><\/em><br><em>Pour les chiots de moins de 5 mois, me contacter<\/em>.<\/p>\n<\/div><\/div>\n\n\n\n<div style=\"height:14px\" aria-hidden=\"true\" class=\"wp-block-spacer\"><\/div>\n\n\n\n<div class=\"wp-block-buttons is-layout-flex\">\n<div class=\"wp-block-button has-custom-width wp-block-button__width-100\"><a class=\"wp-block-button__link has-nv-site-bg-color has-text-color has-background has-text-align-center wp-element-button\" style=\"background-color:#f3bd4e\"><strong>Mes tarifs<\/strong><\/a><\/div>\n<\/div>\n","protected":false},"excerpt":{"rendered":"<p>\u00c9ducation et Balade \u00c9ducative Vous souhaitez apprendre \u00e0 votre chien \u00e0 mieux comprendre ce qui est attendu \u00e0 vos c\u00f4t\u00e9s tout en exprimant sa nature canine\u2026Quoi de mieux que les balades \u00e9ducatives ?!Ce sont des moments privil\u00e9gi\u00e9s pour votre chien et vous : des moments de plaisir, de jeu, de partage et d\u2019apprentissage, tant pour&hellip;&nbsp;<a href=\"https:\/\/petsi29.com\/?page_id=374\" class=\"\" rel=\"bookmark\">Lire la suite &raquo;<span class=\"screen-reader-text\">\u00c9ducation et Balade \u00c9ducative<\/span><\/a><\/p>\n","protected":false},"author":1,"featured_media":0,"parent":0,"menu_order":0,"comment_status":"closed","ping_status":"closed","template":"","meta":{"neve_meta_sidebar":"","neve_meta_container":"","neve_meta_enable_content_width":"","neve_meta_content_width":0,"neve_meta_title_alignment":"","neve_meta_author_avatar":"","neve_post_elements_order":"","neve_meta_disable_header":"","neve_meta_disable_footer":"","neve_meta_disable_title":""},"_links":{"self":[{"href":"https:\/\/petsi29.com\/index.php?rest_route=\/wp\/v2\/pages\/374"}],"collection":[{"href":"https:\/\/petsi29.com\/index.php?rest_route=\/wp\/v2\/pages"}],"about":[{"href":"https:\/\/petsi29.com\/index.php?rest_route=\/wp\/v2\/types\/page"}],"author":[{"embeddable":true,"href":"https:\/\/petsi29.com\/index.php?rest_route=\/wp\/v2\/users\/1"}],"replies":[{"embeddable":true,"href":"https:\/\/petsi29.com\/index.php?rest_route=%2Fwp%2Fv2%2Fcomments&post=374"}],"version-history":[{"count":24,"href":"https:\/\/petsi29.com\/index.php?rest_route=\/wp\/v2\/pages\/374\/revisions"}],"predecessor-version":[{"id":461,"href":"https:\/\/petsi29.com\/index.php?rest_route=\/wp\/v2\/pages\/374\/revisions\/461"}],"wp:attachment":[{"href":"https:\/\/petsi29.com\/index.php?rest_route=%2Fwp%2Fv2%2Fmedia&parent=374"}],"curies":[{"name":"wp","href":"https:\/\/api.w.org\/{rel}","templated":true}]}}